{"id":48,"date":"2025-04-25T11:45:43","date_gmt":"2025-04-25T09:45:43","guid":{"rendered":"http:\/\/mgkinesport.lu\/wordpress\/?page_id=48"},"modified":"2025-09-06T18:42:14","modified_gmt":"2025-09-06T16:42:14","slug":"contact","status":"publish","type":"page","link":"https:\/\/mgkinesport.lu\/wordpress\/contact\/","title":{"rendered":"Contact"},"content":{"rendered":"\n<div class=\"wp-block-group\"><div class=\"wp-block-group__inner-container is-layout-constrained wp-block-group-is-layout-constrained\">\n<p class=\"has-text-align-center has-text-color has-link-color wp-elements-cdb4fb29bf44b4032c1ad851db1a0668\" style=\"color:#233259;font-size:18px\"><strong>Une question ? Besoin d\u2019information ? Nous sommes \u00e0 votre \u00e9coute.<\/strong><br><strong>N&rsquo;h\u00e9sitez pas \u00e0 prendre contact avec nous !<\/strong><\/p>\n<\/div><\/div>\n\n\n\n<p class=\"has-text-color has-link-color wp-elements-9e89d3b1ecdccb73bedb4eabd00681b0\" style=\"color:#233259;font-size:16px\"><strong>Adresse<\/strong> : <font color=\"black\">25, Rue de la Continentale &#8211; L &#8211; 4917 B<\/font>ascharage<br><strong>Tel<\/strong> :<font color=\"black\"> +352 621 52 56 49<\/font><br><strong>Email :<\/strong> <a href=\"mailto:mgkinesport@gmail.com\">mgkinesport@gmail.com<\/a><\/p>\n\n\n\n<iframe src=\"https:\/\/www.google.com\/maps\/embed?pb=!1m18!1m12!1m3!1d2588.0511091661083!2d5.9221622315211375!3d49.55905880817188!2m3!1f0!2f0!3f0!3m2!1i1024!2i768!4f13.1!3m3!1m2!1s0x47eab56d59a414b3%3A0x1aaa90e21c4554cf!2s25%20Rue%20de%20la%20Continentale%2C%204917%20Bascharage%20K%C3%A4erjeng%2C%20Luxembourg!5e0!3m2!1sfr!2sbe!4v1746074680349!5m2!1sfr!2sbe\" width=\"600\" height=\"450\" style=\"border:0;\" allowfullscreen=\"\" loading=\"lazy\" referrerpolicy=\"no-referrer-when-downgrade\"><\/iframe>\n\n\n\n<p><\/p>\n\n\n\n<p class=\"has-text-align-left has-text-color has-link-color wp-elements-e03a02945151517ddc0c89d4b341e259\" style=\"color:#233259;font-size:16px\"><strong>Parking<\/strong><br>Une place r\u00e9serv\u00e9e aux patients devant le cabinet<br>Une place r\u00e9serv\u00e9e dans un parking priv\u00e9 \u00e0 30 m\u00e8tres du cabinet <\/p>\n\n\n\n<p class=\"has-text-align-left has-text-color has-link-color wp-elements-fa61423c29e49ae3ae06335c9f325358\" style=\"color:#233259;font-size:16px\">Parking de la gare (soit cot\u00e9 Sanem, soit cot\u00e9 Bascharage)<\/p>\n\n\n\n<figure class=\"wp-block-image size-large is-resized\"><img loading=\"lazy\" decoding=\"async\" width=\"1024\" height=\"515\" src=\"https:\/\/mgkinesport.lu\/wordpress\/wp-content\/uploads\/2025\/09\/parking-1024x515.jpg\" alt=\"\" class=\"wp-image-599\" style=\"width:604px;height:auto\" srcset=\"https:\/\/mgkinesport.lu\/wordpress\/wp-content\/uploads\/2025\/09\/parking-1024x515.jpg 1024w, https:\/\/mgkinesport.lu\/wordpress\/wp-content\/uploads\/2025\/09\/parking-300x151.jpg 300w, https:\/\/mgkinesport.lu\/wordpress\/wp-content\/uploads\/2025\/09\/parking-768x386.jpg 768w, https:\/\/mgkinesport.lu\/wordpress\/wp-content\/uploads\/2025\/09\/parking.jpg 1316w\" sizes=\"auto, (max-width: 1024px) 100vw, 1024px\" \/><\/figure>\n\n\n\n<p><\/p>\n\n\n\n<p class=\"has-text-color has-link-color wp-elements-344f4e8f9155ffaa26edb42ad10c1e08\" style=\"color:#233259;font-size:16px\"><strong>Prenez rendez-vous :<\/strong><br><\/p>\n\n\n\n<section data-toggle=\"doc-calendar\" data-picture=\"1\" data-doctor-eid=\"d4c68b87-d89e-4b59-8c97-ac700a94811b\" data-language=\"fr\"> <\/section>\n        <script src=\"https:\/\/api.doctena.lu\/js\/widgetBooking\/calendar\/build.php\"><\/script>\n","protected":false},"excerpt":{"rendered":"<p>Une question ? Besoin d\u2019information ? Nous sommes \u00e0 votre \u00e9coute.N&rsquo;h\u00e9sitez pas \u00e0 prendre contact avec nous ! Adresse : 25, Rue de la Continentale &#8211; L &#8211; 4917 BascharageTel : +352 621 52 56 49Email : mgkinesport@gmail.com ParkingUne place r\u00e9serv\u00e9e aux patients devant le cabinetUne place r\u00e9serv\u00e9e dans un parking priv\u00e9 \u00e0 30 m\u00e8tres [&hellip;]<\/p>\n","protected":false},"author":1,"featured_media":0,"parent":0,"menu_order":0,"comment_status":"closed","ping_status":"closed","template":"","meta":{"footnotes":""},"class_list":["post-48","page","type-page","status-publish","hentry"],"_links":{"self":[{"href":"https:\/\/mgkinesport.lu\/wordpress\/wp-json\/wp\/v2\/pages\/48","targetHints":{"allow":["GET"]}}],"collection":[{"href":"https:\/\/mgkinesport.lu\/wordpress\/wp-json\/wp\/v2\/pages"}],"about":[{"href":"https:\/\/mgkinesport.lu\/wordpress\/wp-json\/wp\/v2\/types\/page"}],"author":[{"embeddable":true,"href":"https:\/\/mgkinesport.lu\/wordpress\/wp-json\/wp\/v2\/users\/1"}],"replies":[{"embeddable":true,"href":"https:\/\/mgkinesport.lu\/wordpress\/wp-json\/wp\/v2\/comments?post=48"}],"version-history":[{"count":37,"href":"https:\/\/mgkinesport.lu\/wordpress\/wp-json\/wp\/v2\/pages\/48\/revisions"}],"predecessor-version":[{"id":609,"href":"https:\/\/mgkinesport.lu\/wordpress\/wp-json\/wp\/v2\/pages\/48\/revisions\/609"}],"wp:attachment":[{"href":"https:\/\/mgkinesport.lu\/wordpress\/wp-json\/wp\/v2\/media?parent=48"}],"curies":[{"name":"wp","href":"https:\/\/api.w.org\/{rel}","templated":true}]}}